 2. What is b(-1)?
-80
Let m(t) = t**3 - 13*t**2 - 13*t - 33. What is m(14)?
-19
Let c(a) = a**2 - 16*a + 4. Determine c(7).
-59
Let x(t) = t**3 + 20*t**2 - 4*t - 73. Determine x(-20).
7
Let r(m) = m**3 - m**2 - 2. What is r(2)?
2
Let b(j) = j**3 + 4*j**2 - 4*j - 10. Calculate b(-4).
6
Let n(l) = l**3 - 3*l + 1. Calculate n(2).
3
Let h(m) = 4*m**2 + 14*m - 2. Determine h(-7).
96
Let h(p) = p**2 - 14*p + 10. What is h(12)?
-14
Let s(h) = h + 16. Calculate s(-17).
-1
Let v(i) = -i - 14. Calculate v(-16).
2
Let l(q) = q**2 - 17*q + 9. Give l(17).
9
Let n(a) = a**2 + 18*a + 23. Calculate n(-16).
-9
Let d(k) = k + 1. Calculate d(-7).
-6
Let p(f) = -3*f - 25. What is p(-8)?
-1
Let q(l) = -2*l**2 - 29*l - 100. Give q(-8).
4
Let h(k) = k + 27. Determine h(-22).
5
Let a(s) = -s**3 + 6*s**2 + 12*s - 17. Calculate a(7).
18
Let u(i) = i**3 + 11*i**2 - i + 7. Calculate u(-11).
18
Let n(z) = -z**2 + 14*z - 14. Determine n(13).
-1
Let f(s) = -s**2 - 6*s + 19. What is f(-9)?
-8
Let z(h) = -h**2 + 14*h + 1. Determine z(15).
-14
Let x(n) = n**2 + 5*n - 153. Give x(-14).
-27
Let j(r) = r + 8. Determine j(-5).
3
Let l(u) = -u**3 + 8*u**2 + 2*u - 3. Give l(8).
13
Let y(i) = -13*i + 18. What is y(2)?
-8
Let f(i) = i**2 - 9*i + 5. What is f(7)?
-9
Let t(f) = -f**3 - 14*f**2 + 14*f - 20. Determine t(-15).
-5
Let a(s) = 10*s + 88. Calculate a(-8).
8
Let w(k) = k**3 - 28*k**2 + 26*k - 35. Give w(27).
-62
Let c(m) = -m**2 + 12*m + 1. Give c(12).
1
Let h(c) = c**3 - 14*c**2 - 6*c + 73. What is h(14)?
-11
Let d(l) = -3*l**3 + 14*l**2 + 2*l + 12. Give d(5).
-3
Let g(d) = d**2 + 3*d + 7. Calculate g(-2).
5
Let x(j) = j**2 + 4*j + 9. Give x(-4).
9
Let x(b) = b**3 + 5*b**2 - 7*b. Determine x(-6).
6
Let t(l) = -10*l - 57. Calculate t(-6).
3
Let s(o) = 2*o**3 - 21*o**2 + 12*o - 7. Determine s(10).
13
Let o(p) = p**2 - 14*p - 4. What is o(14)?
-4
Let y(g) = -g**2 + 6*g - 7. Determine y(4).
1
Let p(v) = -v**3 - 5*v**2 - v - 33. Give p(-5).
-28
Let o(d) = -6*d**2 - 193*d - 37. What is o(-32)?
-5
Let g(j) = 49*j - 597. Calculate g(12).
-9
Let o(d) = -d**3 + 10*d**2 + 9*d + 11. Calculate o(11).
-11
Let c(t) = -2*t**2 - 9*t + 1. Give c(-3).
10
Let x(m) = 4*m**2 - 3*m + 1. Calculate x(-3).
46
Let q(y) = -y**3 - 6*y**2 - y + 14. Determine q(-5).
-6
Let s(f) = -7*f + 100. Give s(14).
2
Let a(r) = 2*r**3 - 3*r**2 + 2. Give a(2).
6
Let t(q) = -q**3 + 10*q**2 - 9*q - 11. Calculate t(8).
45
Let g(p) = 2*p**3 - 2*p**2 - 3*p - 1. Give g(-2).
-19
Let b(p) = -13*p. Determine b(3).
-39
Let n(l) = 2*l - 6. Give n(6).
6
Let h(t) = t**3 + 10*t**2 + 6*t + 19. What is h(-10)?
-41
Let u(i) = i**3 - 13*i**2 - 4*i + 58. Calculate u(13).
6
Let o(n) = -n**3 - 54*n**2 + 55*n. Determine o(-55).
0
Let s(b) = b**2 + 17*b + 17. Calculate s(-17).
17
Let w(p) = -p**2 + 11*p + 17. Give w(12).
5
Let o(h) = -h**3 - 6*h**2 - 10*h. Determine o(-7).
119
Let y(h) = -61*h + 5. Determine y(4).
-239
Let n(o) = 16*o + 8. Calculate n(-2).
-24
Let n(u) = u**3 + 3*u + 52. Give n(0).
52
Let d(o) = o**2 - 5*o - 27. Determine d(7).
-13
Let s(x) = -5*x - 3. Calculate s(-2).
7
Let n(r) = -7*r + 6. What is n(-5)?
41
Let i(l) = -15*l - 51. Give i(-4).
9
Let g(b) = -2*b**2 - 29*b - 35. Calculate g(-13).
4
Let q(t) = -t - 9. What is q(-8)?
-1
Let g(v) = v**2 + 43*v - 91. Determine g(-45).
-1
Let r(k) = 187*k + 1307. Determine r(-7).
-2
Let a(p) = -p**2 + 11*p - 10. Give a(10).
0
Let t(j) = -10*j + 3. What is t(-3)?
33
Let r(t) = 27*t - 101. Calculate r(3).
-20
Let o(b) = 2*b**2 + 37*b + 12. What is o(-18)?
-6
Let f(s) = -s - 8. Calculate f(5).
-13
Let j(x) = -x**2 - 2*x + 29. Determine j(-7).
-6
Let a(m) = m**3 - 20*m**2 + 14*m + 95. What is a(19)?
0
Let y(b) = -5*b**2 - 27*b + 6. Calculate y(-6).
-12
Let q(t) = 2*t + 1. Give q(-11).
-21
Let t(o) = 2*o + 13. Determine t(0).
13
Let i(q) = q + 17. Calculate i(-9).
8
Let k(i) = 3*i**2 + 1. Calculate k(3).
28
Let i(w) = -w**3 - 13*w**2 + 15*w + 31. Determine i(-14).
17
Let p(a) = 32*a - 20. What is p(-2)?
-84
Let t(h) = h**3 - 12*h**2 + 14*h - 22. What is t(11)?
11
Let t(i) = -2*i**2 - 3*i + 4. Calculate t(-4).
-16
Let n(f) = -f**3 - 12*f**2 - 16*f + 13. Calculate n(-10).
-27
Let g(y) = -20*y + 31. Determine g(0).
31
Let z(w) = -7*w - 16. What is z(-3)?
5
Let j(p) = p**2 - 4*p - 5. Give j(7).
16
Let b(d) = -d**2 + 2*d + 7. Determine b(7).
-28
Let g(m) = -m**2 - 18*m + 100. What is g(5)?
-15
Let m(a) = -2*a - 2. Give m(2).
-6
Let k(a) = 2*a**3 + 10*a**2 - 3*a - 50. What is k(-4)?
-6
Let m(w) = -w**2 + 5*w - 5. Calculate m(5).
-5
Let n(o) = 36*o + 87. Calculate n(-3).
-21
Let m(c) = -3*c**3 + 9*c**2 + 3*c + 1. What is m(3)?
10
Let f(q) = q**3 - 10*q**2 + 25*q + 4. Determine f(6).
10
Let z(t) = -5*t**2 - 2*t - 12. What is z(-3)?
-51
Let n(a) = -a - 2. What is n(10)?
-12
Let t(y) = -88*y + 520. Calculate t(6).
-8
Let q(z) = 4*z - 27. Calculate q(9).
9
Let w(h) = -2*h**2 + 25*h - 104. Calculate w(5).
-29
Let f(y) = 5*y + 11. Determine f(-10).
-39
Let z(u) = -5*u**3 + 20*u**2 + 6*u + 2. Determine z(4).
26
Let x(h) = -h**3 - 7*h**2 - 5*h - 23. What is x(-7)?
12
Let g(o) = 2*o**2 - 19*o - 12. Determine g(9).
-21
Let r(q) = -8*q + 7. Determine r(1).
-1
Let k(v) = 4*v**2 + 157*v + 185. Determine k(-38).
-5
Let u(a) = a**3 + 8*a**2 - 4*a - 23. Give u(-8).
9
Let h(w) = w - 15. Determine h(7).
-8
Let y(n) = n**3 + 6*n**2 - 13*n + 18. Calculate y(-8).
-6
Let b(d) = d**2 + 22*d + 84. What is b(-19)?
27
Let s(r) = -r**3 + 5*r**2 + 9*r + 16. Calculate s(7).
-19
Let j(h) = -2*h**3 + 26*h**2 - h + 3. What is j(13)?
-10
Let h(l) = l**2 - 21*l + 5. Give h(20).
-15
Let z(a) = -a**3 + 28*a**2 + 57*a + 101. What is z(30)?
11
Let d(c) = -c**3 - 10*c**2 - 8*c + 22. Determine d(-9).
13
Let z(u) = -18*u**2 - 4*u. What is z(-1)?
-14
Let r(y) = 2*y - 2. Determine r(1).
0
Let j(b) = b - 24. Give j(14).
-10
Let u(y) = -12*y**2 + 47*y - 2. Determine u(4).
-6
Let z(o) = 2*o + 59. Give z(-30).
-1
Let z(w) = -w - 7. Determine z(-17).
10
Let x(q) = q**3 + 7*q**2 - 2*q - 14. What is x(-7)?
0
Let r(m) = 2*m**3 + 35*m**2 - 18*m + 9. What is r(-18)?
9
Let i(k) = -k**3 - 6*k**2 - 4*k - 72. Calculate i(-7).
5
Let k(l) = 3*l - 12. What is k(8)?
12
Let f(m) = -m + 9. Calculate f(5).
4
Let n(x) = -x**3 - 5*x**2 - 10*x - 21. What is n(-5)?
29
Let q(s) = 10*s**2 + 3. Give q(-2).
43
Let f(j) = -j**2 + 7*j. What is f(7)?
0
Let j(r) = r**3 - 6*r**2 - 8*r + 5. Determine j(8).
69
Let j(n) = -n**3 - n**2 - n + 2. Give j(-2).
8
Let k(x) = x**3 + 28*x**2 + 54*x + 43. Give k(-26).
-9
Let s(n) = -n**2 + 10*n - 9. Give s(10).
-9
Let d(x) = x - 7. Calculate d(21).
14
Let c(j) = -j**2 + 5*j + 56. Determine c(10).
6
Let c(z) = 11*z**2 - z. What is c(1)?
10
Let i(j) = 2*j**3 - 5*j**2 + 18*j - 16. Determine i(3).
47
Let d(p) = 6*p + 6. What is d(3)?
24
Let u(h) = -4*h**2 - 13*h + 7. Calculate u(-6).
-59
Let y(d) = -d**3 - 21*d**2 - 20*d + 5. Determine y(-20).
5
Let s(v) = -v**3 + 13*v**2 - v + 14. Determine s(13).
1
Let l(d) = 5*d - 29. Give l(6).
1
Let d(w) = w**3 - 6*w**2 - 5*w - 9. Determine d(7).
5
Let f(l) = l**3 - 7*l**2 - 2*l - 3. Give f(7).
-17
Let i(y) = -3*y - 1. Determine i(3).
-10
Let w(s) = -s**2 - 11*s - 7. Give w(-7).
21
Let c(s) = 5*s - 6. Calculate c(8).
34
Let t(f) = 29*f**2. Give t(1).
29
Let m(n) = 2*n**3 - n**2 - 7*n + 9. Determine m(2).
7
Let a(q) = -8*q - 6. Calculate a(-3).
18
Let j(g) = 12*g**2 - 131*g - 17. Calculate j(11).
-6
Let a(m) = 2*m**2 + m. Determine a(5).
55
Let j(a) = 3*a**2 - 11*a - 1. Give j(4).
3
Let d(r) = 7*r - 39. Determine d(6).
3
Let k(g) = 10*g - 10. What is k(0)?
-10
Let b(r) = r**2 - 3*r - 9. What is b(5)?
1
Let r(b) = -6*b + 6. Calculate r(-1).
12
Let c(n) = 12*n + 40. What is c(-4)?
-8
Let i(r) = -3*r - 5. Give i(-1).
-2
Let i(m) = 2*m**2 - 3*m + 4. Determine i(1).
3
Let i(u) = -u - 24. Determine i(-23).
-1
Let y(c) = 8*c**3 - 2*c**2 - 10*c - 9. Calculate y(-1).
-9
Let m(l) = -l**2 + 10*l + 19. Determine m(-2).
-5
Let q(j) = -61*j**3 - j**2 + 2*j - 1. Determine q(1).
-61
Let u(i) = 9*i + 3. Calculate u(4).
39
Let o(k) = 5*k + 5. Give o(-5).
-20
Let w(u) = 10*u + 150. Give w(-16).
-10
Let g(m) = 69*m - 63. Give g(1).
6
Let m(g) = 159*g - 478. Give m(3).
-1
Let q(b) = 29*b + 1. Calculate q(1).
30
Let w(k) = k**2 - 17*k - 5. Give w(8).
-77
Let m(x) = -3*x**3 - 3*x**2 + 4*x + 2. Calculate m(-2).
6
Let